v and 100.
100
Suppose 7*f - 3505 = -5*d + 6*f, 4*f = d - 701. Suppose 15*i - d - 829 = 0. What is the greatest common factor of 12 and i?
6
Suppose 0 = 41*a + 28*a - 4554. Let w(z) = 8*z**2 - 14*z + 29. Let t be w(8). Calculate the greatest common divisor of a and t.
33
Suppose 0 = -2*w + 2*k + 2292, 5*w = -3*k + 5571 + 167. What is the highest common divisor of w and 74?
37
Let t = -5882 + 5893. What is the highest common factor of 13123 and t?
11
Suppose 2511*i = 2537*i - 5070. Calculate the greatest common factor of 1105 and i.
65
Suppose -448 = 5*v - 3283. Let o(b) = 353*b + 23714. Let x be o(-67). Calculate the greatest common divisor of v and x.
63
Let k(f) = -103*f + 2. Let l be k(2). Let v = 145 + l. Let t = 81 + v. Calculate the highest common divisor of t and 2.
2
Suppose 0 = 125*o + 266 - 1891. What is the highest common factor of 4875 and o?
13
Let k = 4688 - 4683. What is the greatest common divisor of 445 and k?
5
Let u = -14162 - -15626. Calculate the greatest common divisor of 168 and u.
24
Let h(x) = 16*x + 208. Let o be h(18). Let q = o + -491. What is the greatest common divisor of q and 65?
5
Let o(i) = i**3 + 2*i + 40. Let h be o(0). Let q = 5 + h. Let a be (216/30 - 6)/((-2)/(-30)). Calculate the greatest common divisor of a and q.
9
Let s(j) = 9*j + 180. Let v be s(-32). Let l be -2*(-22)/(-12)*v. What is the highest common factor of 36 and l?
36
Let l be (-63)/(-2)*60/18. Let t(o) = -2*o**2 - 2*o + 7. Let f be t(0). Suppose -21 = f*j - l. What is the highest common factor of j and 4?
4
Let a(s) = -75*s + 9637. Let c be a(127). Calculate the highest common factor of c and 9072.
112
Suppose 7*w - 3*w - 12 = 0. Suppose -n + 184 = w*d, 40 = -0*d + d - 5*n. Let u be 16/((-2)/(-20)*4). What is the highest common factor of d and u?
20
Let z(i) = -547*i**3 - 2*i**2 + 1. Let y be z(-1). Let a be (-332)/(-8) + ((-1)/(-2))/(((-135)/(-9))/15). Calculate the greatest common divisor of y and a.
42
Let c(f) = -f**3 + 4*f**2 + 43*f + 154. Let v be c(-4). Calculate the greatest common divisor of 140 and v.
10
Let d be (-57112)/(-605) + (-289)/85. Let r = -227 + 487. Calculate the greatest common divisor of r and d.
13
Let o be ((42/4)/(-3))/(4/504*-21). Calculate the greatest common divisor of o and 696.
3
Let a(x) = 2*x**2 + 6*x + 35. Suppose -74*s + 75*s = 0. Let h be a(s). Calculate the greatest common divisor of h and 175.
35
Let c = -14 + 18. Let l be 0 - 2 - c/(-1). Suppose -l*y + 160 = 2*y. Calculate the highest common factor of 16 and y.
8
Let k(x) = -x**3 - 67*x**2 - 265*x + 141. Let d be k(-63). Calculate the greatest common divisor of 2112 and d.
192
Suppose -2*v - 2 + 4 = 0. Let k(x) = 25*x**2 - 54*x**2 - 27*x + 18 + 31*x**2. Let z be k(13). Calculate the highest common divisor of z and v.
1
Let b(r) = r - 25. Let v be b(18). Let g = 10 + v. Suppose -4*x + 51 = -g*k, 5*x + 4*k = 7*k + 63. Calculate the greatest common factor of x and 108.
12
Let n be 7/(-21) + 4 + (-255)/(-9). Let p = -11 + 17. Let q(m) = -m**3 + 7*m**2 - 5*m + 2. Let h be q(p). Calculate the greatest common divisor of n and h.
8
Let j(b) = -2073*b**3 + 4*b**2 - 2. Let c be j(-1). Let v be -1*(1/9 + c/(-45)). What is the highest common divisor of v and 46?
46
Suppose -20 = 2*m - 130. Suppose 9 = j + 13. Let s be ((-6)/j)/((-358)/(-88) + -4). What is the highest common factor of s and m?
11
Suppose u - 13 = -4*z, 2*u - 5*z = -0*u. Suppose 63 = u*n - 17. Calculate the greatest common factor of n and 6.
2
Let d = 9 - 5. Let a(w) = -w**2 + 59*w + 392. Let u be a(65). Suppose d*p - u*p = 5*y - 428, 256 = 3*y - p. Calculate the highest common factor of y and 56.
28
Let l be ((-730)/25)/(1/5). Let p = -107 - l. What is the greatest common divisor of p and 13?
13
Let o(q) = q**3 - 4*q**2 + 4*q + 9. Let d be o(4). Calculate the greatest common factor of d and 425.
25
Let o(x) = -43*x - 140. Let q be o(7). Let g be q/(-3) + 6 + -9. Calculate the greatest common divisor of g and 96.
48
Let n = 279 - 155. Suppose -7*j + 107 = -n. Let f(o) = 3*o**2 - 12. Let u be f(-9). What is the greatest common divisor of j and u?
33
Let y be 36/54*(-321)/(-2). Suppose -97*k - 120 = -y*k. Let o(l) = l**3 + 10*l**2 + 4*l. Let w be o(-8). Calculate the greatest common factor of w and k.
12
Let a be (-77)/11 + (-36 - -7439). Calculate the greatest common divisor of a and 16.
4
Let v(q) = 628*q - 1784. Let g be v(3). What is the highest common divisor of g and 4925?
25
Let p = 206 - 114. Suppose k - p = -k. Let d = -12 + k. What is the greatest common factor of d and 85?
17
Suppose -45*t = -4307 - 823. Suppose -4*h + 3*m = -210, 0 = 2*h - 16*m + 19*m - t. Calculate the highest common divisor of 99 and h.
9
Let z(x) = -4*x**3 - 7*x**2 - 12*x - 22. Suppose -h + 3*v = 8, -h - 5*v - 10 = 2*h. Let u be z(h). Calculate the greatest common divisor of u and 99.
33
Suppose -52*c + 906 = -49*c. Let x = c - 296. What is the highest common factor of x and 12?
6
Suppose -20*q = 3*w - 17*q - 696, -5*w = 2*q - 1184. What is the greatest common divisor of w and 840?
120
Suppose -1045*g = -1026*g - 305140. What is the highest common factor of g and 330?
110
Let l be 2/8 - 1140/(-48). Suppose 9*n = -328 - 275. Let a = -61 - n. Calculate the greatest common divisor of l and a.
6
Suppose 4 = -4*d, -3*s - 4*d + 1592 = -393. Let l(a) = 476*a - 9005. Let m be l(19). What is the highest common factor of s and m?
39
Suppose 0 = -20*l + 26*l + x - 77, x = -3*l + 35. Let k = -168 - -392. Suppose k = 2*u + 28. Calculate the greatest common divisor of l and u.
14
Suppose 5*z - p = 1620, 5*z + 2*p - 818 - 802 = 0. Suppose -1955 = -275*q + 353 + 992. Calculate the highest common divisor of z and q.
12
Suppose 258 - 588 = -110*s. Calculate the greatest common factor of 1704 and s.
3
Let w = -42 - -44. Suppose 30 = -5*j + w*j. Let a(q) = -2*q**2 - 21*q + 5. Let l be a(j). Calculate the highest common divisor of l and 105.
15
Let h(w) = 41*w - 632. Let s be h(16). What is the greatest common divisor of 1572 and s?
12
Suppose -q - d = -125, -2*q + 14 = -4*d - 212. Let p(g) = 2 + 11*g - 9*g - 5*g + 3. Let t be p(-2). What is the highest common factor of t and q?
11
Let a = -77 - -161. Suppose -2*v + 4*j + 68 = 0, 157 = 5*v - j - 22. What is the highest common factor of a and v?
12
Suppose v - 4*a = 100, 0 = 3*v - 7*a + 6*a - 289. Let p be (v/(-7))/(47/(-658)). What is the highest common divisor of 64 and p?
64
Let m be (-1 - 4) + (164/5)/((-30)/(-825)). Calculate the greatest common factor of m and 78.
39
Let x(y) = 6*y + 16. Let b(g) = -2*g**2 - 2*g - 2. Let w be b(0). Let i be x(w). What is the greatest common divisor of 32 and i?
4
Let s(n) = n**2 + 11*n + 6. Let w be s(-15). Let d = -60 + w. Let g be -4*(-1)/2 + 0. Calculate the greatest common factor of g and d.
2
Suppose 8 = 2*k, -2*k - 2*k + 8 = -4*u. Let w(i) = 20*i + 119*i**u + 1 - 2 - 22*i. Let o be w(-1). What is the highest common factor of 48 and o?
24
Suppose 4658 - 3911 = u. Calculate the highest common factor of 9 and u.
9
Let f be ((-4)/24)/(-9 - (-145)/15)*-16. Suppose 0 = 5*r + 89 + 61. Let u = r - -66. What is the highest common factor of u and f?
4
Let k(a) = 8*a + 198. Let m be k(-16). Calculate the highest common factor of 290 and m.
10
Let k(m) = -m**3 - 3*m**2 - 4*m - 68. Let w be k(-7). Let x(v) = 2*v**3 - v - 2. Let g be x(2). Calculate the greatest common factor of g and w.
12
Let i = -5132 - -5742. Calculate the greatest common factor of 40 and i.
10
Suppose 423 = 5*v + 2*b, 44*v - 41*v = 2*b + 273. Calculate the greatest common divisor of v and 667.
29
Let x be ((-72)/288)/((-1)/72). Suppose 0 = -7*a + 1121 + 76. What is the highest common divisor of x and a?
9
Let f(d) = d + 1. Let g be f(6). Let u = 1152 + -1149. What is the highest common factor of u and g?
1
Suppose 0 = 5*z - 3*v - 31515 - 22371, -21532 = -2*z - 2*v. Calculate the highest common divisor of 133 and z.
133
Let z(p) = -7*p**2 - 3*p - 1. Let k be z(-3). Let j = k + 68. Suppose -4*f + 11 = -j. Calculate the highest common divisor of 21 and f.
3
Suppose -38*z + 37*z + 35 = 0. Let y = 86 - z. Suppose 5*x - 81 = -2*u, 3*u = -6*x + 10*x - y. What is the greatest common factor of 15 and x?
15
Suppose 10*p - 2400 = 15020. Suppose 0 = 6*h - 1924 - p. What is the highest common fa